= -3. Suppose j = -r*j - c + 15444, 0 = -5*j + c + 25748. Is j prime?
False
Let h(t) = 1185*t + 163. Is h(14) a prime number?
False
Suppose 3*h = 29 + 3910. Let r = -426 + h. Is r a composite number?
False
Let i = -23757 + 68764. Is i prime?
True
Is ((-1028832)/448)/((-2)/4) prime?
False
Suppose -2*m + m = -6. Suppose 0*n = m*n - 1518. Is n composite?
True
Let o(d) = d**2 - 1. Let l(t) = 3*t**2 - 3. Let u(b) = -5*l(b) + 18*o(b). Let r(m) = -1. Let w(j) = -5*r(j) + u(j). Is w(5) composite?
True
Let m = 14 + -26. Suppose 3*w + 274 = 4*j, 0 = -5*j - 5*w - 27 + 352. Let l = j + m. Is l prime?
False
Suppose -4*v - 3*p + 65291 = 0, -2*p + 6 = -4. Is v a composite number?
False
Let j be (5 - 506) + -1 + 0. Let w = -239 - j. Is (8/2 + -3)*w a composite number?
False
Let d(y) = 3*y**3 + 24*y**2 - 24*y - 7. Let t(w) = 8*w**3 + 72*w**2 - 71*w - 21. Let l(j) = -11*d(j) + 4*t(j). Is l(18) a prime number?
False
Let c(l) = 75*l + 31. Let y be c(-6). Is y/(-1)*(-2)/(-2) prime?
True
Let h = -102 - -76. Let f = -238 - -163. Let j = h - f. Is j composite?
True
Suppose 0 = s - n - 12046, -3*s - 5*n + 17282 + 18880 = 0. Is s a prime number?
True
Let y(t) = -4*t**2 + 7 + 4 - 3*t + 2*t**3 + 15*t**2. Let r be y(-9). Let q = -276 - r. Is q prime?
False
Let j(m) = m - 10. Let o be j(12). Suppose -x - 106 = -p + 8, -4*x + 222 = o*p. Is p a prime number?
True
Suppose 0 = -5*q + 2*x + 28355, -4*q + 15895 + 6776 = x. Is q a composite number?
False
Suppose 3*r = 2*r + 4. Let c = 6 - r. Suppose c*v - 58 = -d, 0 = 2*v - 6*v. Is d a composite number?
True
Suppose -q + 3*g + 14 = 0, -2*g - 3 = -4*q + 3. Let z be 355 + q + -2 + -3. Let y = z + -123. Is y a prime number?
False
Suppose 3*y + 54 - 213 = 0. Is y prime?
True
Suppose -4*y = -5*i + 144483, -2*i - 2*y + 7408 = -50378. Is i prime?
False
Suppose -196733 = -14*x + 30837. Is x a prime number?
False
Let a = 3021 + -1672. Let g = a + -664. Is g a prime number?
False
Suppose -t - 9 = -h, -6*h + 2*t = -h - 45. Let s be (141/h)/(2/162). Let c = s - 602. Is c a prime number?
False
Let i be 8/(-28) + 32/14. Let o be 123/12 - i/8. Is (28/8 + 0)*o prime?
False
Let h(m) = 592*m**2 + 15*m - 65. Is h(4) prime?
True
Suppose -8*w = -7*w - 27. Let g = -28 + w. Let n(p) = -19*p + 2. Is n(g) prime?
False
Let d = -16515 + 26816. Is d composite?
False
Suppose 3*v + 7*n - 15423 = 11*n, -3*v - n = -15423. Is v a composite number?
True
Suppose -7 = 5*c - 2. Is (c - 13*-37) + -1 a prime number?
True
Let g = 15 + -7. Let q be (8 - g)*2/(-4). Suppose q = -3*w + 214 + 35. Is w prime?
True
Suppose -33727 = -2*f + 3*o, 5*f + 4*o + 67464 = 9*f. Is f a composite number?
False
Suppose 0*f = -f + a + 394, 4*a + 4 = 0. Let m = -235 + f. Is m a prime number?
False
Let k = -946 - -1538. Suppose 761 = -5*j - 514. Let a = j + k. Is a a prime number?
True
Let h be (-33)/9 + (-6)/(-9). Let s(t) = -t**3 - t**2 + 2*t - 1. Let m be s(h). Suppose 0 = p - 0*p - m. Is p a composite number?
False
Let m be (-140)/15*(-3)/2. Let h = m - 22. Is 322/(-4)*(6 + h) prime?
False
Suppose 4*o = s - 4 + 14, 0 = 3*s - 6. Suppose o*h + 10 = 5*h, 4*h - 1107 = -t. Is t a prime number?
True
Suppose a = -4*a + 4*g - 1055, 0 = -2*a - 3*g - 445. Let q = a - -532. Is q a composite number?
False
Let l(h) = 2365*h**2. Let s be l(1). Suppose 0 = 2*w + 2*c - 948, 4*w + w - s = -4*c. Is w prime?
False
Let g = 1 - -2. Is (12/g - 4) + 1259 composite?
False
Let d(v) = -74*v + 5. Let z be d(-5). Let n = z - -128. Is n prime?
True
Is 8/((6/(-6114))/(-1)) - 5 a composite number?
False
Suppose -3 = -3*p - 9, -2*p + 30631 = 5*y. Is y a prime number?
False
Let p(v) = v**2 - 12*v + 3. Let n be p(11). Let i(c) = -c**2 - 7*c + 2. Let h be i(n). Let a(o) = 23*o**2 + o - 5. Is a(h) composite?
True
Suppose 0 = -4*f - 3*c + 6 + 4, 3*f - 5*c = 22. Suppose f*n - 89 = 4*s - 1301, 0 = n - 2*s + 305. Let l = -142 - n. Is l a composite number?
True
Suppose -21*d = 36*d - 176586. Is d a prime number?
False
Let o(l) = 224*l**2 + 13*l + 35. Is o(12) a prime number?
False
Let o(u) = -678*u - 593. Is o(-8) a composite number?
False
Let j(h) = 19*h**2 - 43*h + 45. Is j(-16) a composite number?
True
Let f(h) = -h**3. Let t(d) = -3*d**2 + 2*d + 13. Let j(p) = f(p) + t(p). Is j(-4) a prime number?
False
Suppose 0 = 4*i - 5179 + 1575. Is i composite?
True
Let w(i) be the second derivative of 98*i**3/3 + 5*i**2/2 - 10*i. Is w(2) a composite number?
False
Is -598*(-2)/20 - (-4)/(-5) a prime number?
True
Let q = -18 + 21. Suppose -3*g + 4*g = -q*u + 312, g - 4*u = 284. Suppose 0 = 3*m - g - 27. Is m composite?
False
Let s(i) = -i**3 + 4*i**2 - 6*i + 89. Is s(-16) a composite number?
True
Suppose 4*q = -1417 - 651. Let z = -203 - q. Is z prime?
False
Let y(j) = 131*j - 113. Is y(2) a composite number?
False
Suppose -7*y + 0*y = 7. Is -3 + y/(2/(-1900)) a prime number?
True
Suppose -3*m - x = -230 - 1159, 4*m = 5*x + 1871. Suppose 6*d + m = 2450. Is d a composite number?
False
Suppose -4*k = 3*b - 119677, -11*b = 5*k - 8*b - 149594. Is k a composite number?
False
Let s = -1242 - -2045. Is s prime?
False
Let d be 3/(-6)*(-18)/(-1). Let g = 12 + d. Suppose s = -g*s + 536. Is s prime?
False
Suppose -54*b + 52*b + 3264 = 0. Is b - (4 + -2 + -1) a composite number?
True
Suppose 3*o - 5*w + 2904 = -10*w, 4*o + 2*w + 3858 = 0. Let k = -526 - o. Is k composite?
True
Is 137621/22 + -9 + 1/2 prime?
True
Suppose 2*w + 9621 = -0*w + h, -2*w - 9624 = -2*h. Let a = 8920 + w. Is a a prime number?
True
Suppose -2*b + 1632 + 1024 = 0. Suppose -b - 316 = -6*n. Is n a prime number?
False
Let q(d) = 7*d**3 - 18*d**2 + 26*d - 6. Is q(11) prime?
False
Let q(s) = 1265*s**3 + s**2 + 5*s - 1. Is q(2) prime?
True
Let y(q) = -19 - 14 + 36 + 0*q**2 + 9*q**2 - 3*q. Is y(-4) prime?
False
Suppose 7*q - 48982 = -16355. Is q prime?
False
Let r(p) = 257*p**2 - 24. Is r(-5) a prime number?
False
Suppose r - 5*s - 8406 = 0, -3*r + 0*s + 3*s + 25182 = 0. Let v = r - 4164. Is v a composite number?
True
Is (0 - (-24)/(-56)) + 1459912/14 prime?
False
Let u(t) = -48*t**2 - t + 7. Let x(h) = 47*h**2 + h - 8. Let g(c) = -7*u(c) - 6*x(c). Let r be g(1). Let v = 133 - r. Is v prime?
True
Suppose 8*v + p - 3450 = 3*v, 3460 = 5*v - p. Is v a composite number?
False
Let t(y) = -4*y. Let v(f) = -4*f + 1. Let l(s) = 4*t(s) - 3*v(s). Is l(-10) composite?
False
Let u(x) = 7*x**3 + 22*x**2 + 12*x + 74. Is u(17) prime?
False
Let d = 112 + 859. Is d a composite number?
False
Let x = 2652 - 1344. Suppose -3*b + x + 1089 = 0. Is b prime?
False
Suppose 32*z + 55 = 37*z. Suppose 231 = z*q - 990. Is q composite?
True
Let s(y) = -y - 1. Let u be s(4). Let t(f) = -131*f - 4. Let a be t(u). Let x = -358 + a. Is x composite?
False
Let n = 66840 + -47179. Is n prime?
True
Suppose -5*d - 63 = 4*m - 2*d, 4*m + 33 = 3*d. Is (-8 - m/3) + 683 composite?
True
Let s = 1982 + -1129. Is s a composite number?
False
Let d(g) = -2*g**3 + g**2 + 2*g + 3147. Is d(0) prime?
False
Suppose 17*d - 76 = -25. Let k(j) = 381*j + 2. Is k(d) composite?
True
Let v(z) = 88*z**2 - 2*z + 6. Let r be v(-12). Suppose -5*n = -n - s - 25408, -s - r = -2*n. Is n prime?
True
Suppose 7*q = 4*q + 102. Let o = 597 + q. Is o prime?
True
Let v(h) = h**3 + 2*h**2 - 2*h - 4. Suppose -2*w - 5 = 1. Let c be v(w). Let p(k) = -3*k + 16. Is p(c) composite?
False
Suppose 5*b + 64570 = -3*z + 7*z, -3*b + 6 = 0. Is z a composite number?
True
Let g(r) = -r**3 + 11*r**2 + 2*r + 3. Let j = -25 - 10. Let m be (-290)/j - 2/7. Is g(m) a composite number?
False
Is ((-6)/(-4))/(6/3628) a composite number?
False
Let h(c) be the third derivative of -37*c**4/12 - 5*c**3/3 + 8*c**2. Let w be h(-7). Suppose w = 2*o + 2*o. Is o composite?
False
Let c(k) = -k**2 + 109. Let g be c(0). Let x = -153 + g. Let o = 141 + x. Is o a prime number?
True
Let p = -6234 + 9281. Is p prime?
False
Let l = -19098 - -59692. Is l a composite number?
True
Let f = 1106 + 277. Suppose 0 = -2*k - 2 - 0, -k - f = -2*l. Is l composite?
False
Suppose -22 - 48 = -5*c. Suppose -38779 = -c*t + t. Is t a prime number?
False
Let d = -15 + 21. Suppose d*o = o + 105. Let a = o + 0. Is a a composite number?
True
Let p(l) = 13*l**3 - l**2 + 7*l - 1. Is p(6) a composite number?
True
Let y = 40499 + -23721. Is y prime?
False
Let z(b) = b**2 + 2*b + 455. Let q be z(0). Let j = q - -228.